remainder when 19 is divided by c?
4
Let g(n) = -n. Let d be g(-4). Suppose 3*k - d*k + 59 = 0. What is the remainder when k is divided by 20?
19
Let l(f) = f**3 + 5*f**2 + 6*f + 7. Let a be l(-4). Let b(g) = 7*g. What is the remainder when b(3) is divided by 11/a*(-8 - -7)?
10
Let m(f) be the first derivative of 2*f**3/3 + 9*f**2/2 + 4*f - 5. What is the remainder when m(-6) is divided by 8?
6
Suppose g - 2 = 2*z, -3*g + 0*g - 4*z = 4. Suppose j + g*j = 2. What is the remainder when 7 is divided by j?
1
Let g = 672 - 374. What is the remainder when g is divided by 30?
28
Suppose 0*t = -t. Let k(w) = -w + 20. Suppose 0 = -2*d + 7*d - 295. What is the remainder when d is divided by k(t)?
19
Let k(t) = t**3 - 4*t**2 - 2*t - 5. Let y(b) = -b**3 - 6*b**2 + 10*b - 11. Let q be ((-16)/4)/((-1)/(-2)). What is the remainder when y(q) is divided by k(5)?
7
Let d(f) = f**2 + 27. Let w be d(0). Suppose 2*j - 5*j = -w. Let m = j - 5. What is the remainder when 14 is divided by m?
2
Let v(o) = 3*o**2 - 6*o + 9. What is the remainder when 31 is divided by v(3)?
13
Let l be (-134)/(-8) + 5/20. Suppose -5*f = a - f - 1, 0 = -a + 4*f + l. Let s = a - 6. Calculate the remainder when 7 is divided by s.
1
Let g be -2*(9 - 2)*-1. Let q = g - -12. What is the remainder when q is divided by 7?
5
Let w(u) be the first derivative of -3*u**2/2 + 9*u + 3. Let t be w(6). Let o = -1 - t. What is the remainder when 23 is divided by o?
7
Let s = 15 + -10. What is the remainder when s is divided by 4?
1
Let k be (-4)/(-3)*(-207)/6. Let b = k + 79. Calculate the remainder when b is divided by 18.
15
Suppose -112*d + 110*d = -92. Suppose 62 + 2 = 4*b. What is the remainder when d is divided by b?
14
Suppose 2*d - 30 = 3*q + 8, 0 = -d - 4*q - 3. Let v = -6 - -8. Calculate the remainder when -38*v/(-4)*2 is divided by d.
12
Let x = -52 + 98. What is the remainder when 91 is divided by x?
45
Let w(x) = -2*x - 1. Let z be w(-2). Suppose -z*g + 5*g = 0. Suppose g = 3*y - 2*y - 14. What is the remainder when 26 is divided by y?
12
Suppose -m = 2*r - 292, -m - 4*m = 5*r - 725. What is the remainder when r is divided by 15?
12
Let n be 0/(3/((-6)/2)). Suppose n*v - 4*v + 16 = 0. Calculate the remainder when 15 is divided by v.
3
Suppose 2*s + 9*w = 4*w + 357, 4*s + w = 669. What is the remainder when s is divided by 14?
12
Let u(n) = -3*n**2 - 13*n + 3. What is the remainder when u(-4) is divided by 2?
1
Suppose 46 = 4*v + 2*z, v + 2*z = 10 - 3. What is the remainder when 4/18 + (-2688)/(-54) is divided by v?
11
Let c = 36 + 18. Calculate the remainder when c is divided by 28.
26
Let t be 245/21 + 2/(-3). Let q = 21 - t. Calculate the remainder when 17 is divided by q.
7
Suppose -3*m + k + 7 = 0, -2*k = -2*m - 3*k + 8. Let g = m + 10. Calculate the remainder when g is divided by 8.
5
Suppose -i + 0*i + 17 = 3*b, -4*b + 4*i + 28 = 0. Let h(r) = r**3 - 6*r**2 + r + 2. Calculate the remainder when h(b) is divided by 6.
2
Let d(n) = n**3 + 4*n**2 - 7*n - 6. Suppose 0*y + 8 = 4*y. Calculate the remainder when d(-5) is divided by y.
0
Let l = -65 - -158. Calculate the remainder when l is divided by 24.
21
What is the remainder when 62 is divided by (-3 - (-15)/25)*10/(-3)?
6
Let y be 1 + (-3 + -2)/(-1). Let h = 14 + y. What is the remainder when 77 is divided by h?
17
Suppose 0 = -3*p - 0 - 3. Let t = 1 - p. Suppose -5*c - 5 - 26 = -2*d, 0 = t*d + 5*c - 21. Calculate the remainder when d is divided by 7.
6
Let y(s) = -s**2 + 6*s + 4. Calculate the remainder when y(5) is divided by 4.
1
Let p = 119 + -40. What is the remainder when p is divided by (-98)/(-5) + 4/10?
19
Let z be (-1)/(-1*(-2)/38). Let u = -6 - z. Calculate the remainder when 0 - (2 - 3*9) is divided by u.
12
Suppose -2*m + 3 = -r, -3*m - 11 = -2*m - 3*r. Suppose 5*p - 4*z + 56 - 312 = 0, 3*p = -m*z + 128. What is the remainder when p is divided by 17?
14
Calculate the remainder when 55 is divided by (0 + 16/(-6))/((-9)/27).
7
Let k(g) = 2*g**3 - 5*g**2 + 2*g + 4. What is the remainder when k(3) is divided by 12?
7
Suppose 14*i - 30 = 11*i. What is the remainder when (0 - (-14)/(-5))*-10 is divided by i?
8
Let l = 23 - 20. What is the remainder when 12 is divided by l?
0
Suppose -4*n + 33 - 21 = 0. Let y(b) = -5*b - 2. Calculate the remainder when y(-2) is divided by n.
2
Suppose -3*g - 9 = -3*b, 0 = 2*b - g - 5 - 1. Let a(v) = -2*v**2 + 45*v + 34. What is the remainder when a(23) is divided by b?
2
Suppose 5 = -4*c - 7. Let p = 16 - c. What is the remainder when p is divided by 11?
8
Let o(d) = -d**3 - 4*d**2 - 2*d + 5. What is the remainder when 50 is divided by o(-4)?
11
Suppose 0*p = 2*p - z - 60, 4*z - 48 = -p. Calculate the remainder when p is divided by (-3)/12 + (-69)/(-4).
15
Calculate the remainder when 67 is divided by ((-40)/(-30))/(3/27).
7
Suppose 5*q - 205 = -0*q. Let u(y) = -y**2 + y. Let o(s) = -s**2 + 3*s - 14. Let m(t) = -o(t) + 2*u(t). Calculate the remainder when q is divided by m(0).
13
Let l = -29 + 46. What is the remainder when l is divided by 10?
7
Let i be 0 + -132*(-1 + 0). Let z = i + -90. Calculate the remainder when z is divided by 15.
12
Suppose 0 = 2*k - 18*k + 448. What is the remainder when k is divided by 11?
6
Let a = 25 + -19. What is the remainder when 15 is divided by a?
3
Let n(h) = -h**3 + 10*h**2 + 12*h - 7. Let j be n(11). Suppose 4*v - 40 = -4*o, -j*o = 5*v - 22 - 21. Calculate the remainder when o is divided by 6.
1
Let j(o) = 2*o**3 - 7*o**2 - o - 5. Let u be j(5). Suppose 3*v + u = 4*k, 0*k - 2*v = 3*k - 70. What is the remainder when k is divided by 11?
9
Let v(p) = p**2 - 2*p - 1. What is the remainder when v(-5) is divided by 9?
7
Let g(o) = 15*o - 60. What is the remainder when 85 is divided by g(6)?
25
Suppose w - 2*a + 9 = 0, 2*w = -3*a + 11 - 1. Let z(j) = j**3 - j**2. Let v be z(w). Let h(x) = x**2 + x + 1. Calculate the remainder when 8 is divided by h(v).
2
Let j(a) = -a**3 - a**2 - a + 6. Let r be j(0). Suppose 3*n - r = 2*n. Let z(f) = f**3 - 7*f**2 + 7*f - 1. What is the remainder when 19 is divided by z(n)?
4
Let y = -179 + 254. Calculate the remainder when y is divided by 19.
18
Let w = -42 - -55. Suppose -105 = -5*u - 4*v, 0 = -3*v - 0*v - 15. Calculate the remainder when u is divided by w.
12
Let p = 0 - -29. Suppose 0 = -n - p + 83. Calculate the remainder when n is divided by 14.
12
Suppose 4*t = 5*i - 152, -92 = -3*i - 0*i + 2*t. What is the remainder when i is divided by 7?
4
Suppose f = -2*b + 38, 3*b - 22 - 25 = f. What is the remainder when 116 is divided by b?
14
Let q(u) = 4*u**2 + u + 1. Let p be q(-1). Let t be p/14 + (-1674)/(-21). Suppose 7*a = 2*a + t. Calculate the remainder when a is divided by 9.
7
Let g(x) = -x**2 + 4*x. Let f be 2 - (2/(-2) + 1). Suppose 4*h + 14 = -2*o, o + 5*h = f - 24. Calculate the remainder when o is divided by g(3).
0
Suppose 0 = -4*c + 3*v + 53, 3*c - 38 + 2 = v. What is the remainder when 29 is divided by c?
7
Suppose v - 35 = -14. Calculate the remainder when 81 is divided by v.
18
Let g be 1 + (-2)/4*6. Let n = 1 + g. What is the remainder when 20 is divided by n*(-14 + 1 + 2)?
9
Let u = 8 + -1. Calculate the remainder when 31 is divided by u.
3
What is the remainder when 33 is divided by ((-36)/14)/((-15)/70)?
9
Let p(z) = z + 30. Calculate the remainder when 43 is divided by p(-15).
13
What is the remainder when 9 + -8 - -36*1 is divided by 13?
11
Let j be (-172)/(-14) - 6/21. Let r = j + -8. What is the remainder when 11 is divided by r?
3
Let z(v) = v**3 + 5*v**2 - 7*v + 7. Calculate the remainder when z(-6) is divided by 4.
1
Let w(o) = 3*o**3 - o**2 - o - 2. Let b be w(2). Let g = b + 2. Let n(t) = 9*t**2 - t + 1. Calculate the remainder when n(2) is divided by g.
17
Let a(t) = 14*t + 2. What is the remainder when 28 is divided by a(1)?
12
Suppose 3*o + 3*y = -o + 83, 2*o - 43 = -y. What is the remainder when 44 is divided by o?
21
Let f(k) = 9*k - 33. What is the remainder when f(6) is divided by 7?
0
What is the remainder when -4 + (4/10 - 252/(-20)) is divided by 7?
2
What is the remainder when (2/(-4))/(8/(-672)) is divided by 15?
12
Let f = -91 - -128. What is the remainder when 145 is divided by f?
34
Suppose 4*b = u + 73, 2*b + u - 48 = -19. Suppose b = -f + 63. What is the remainder when f is divide